{"id":275,"date":"2025-11-19T21:16:52","date_gmt":"2025-11-19T21:16:52","guid":{"rendered":"https:\/\/maiit.fr\/karine\/?page_id=275"},"modified":"2025-12-31T09:17:28","modified_gmt":"2025-12-31T09:17:28","slug":"qui-suis-je","status":"publish","type":"page","link":"https:\/\/maiit.fr\/karine\/qui-suis-je\/","title":{"rendered":"Qui Suis Je"},"content":{"rendered":"\t\t<div data-elementor-type=\"wp-page\" data-elementor-id=\"275\" class=\"elementor elementor-275\" data-elementor-settings=\"{&quot;ha_cmc_init_switcher&quot;:&quot;no&quot;}\">\n\t\t\t\t\t\t<section class=\"elementor-section elementor-top-section elementor-element elementor-element-8f52484 elementor-section-boxed elementor-section-height-default elementor-section-height-default\" data-id=\"8f52484\" data-element_type=\"section\" data-settings=\"{&quot;background_background&quot;:&quot;classic&quot;,&quot;_ha_eqh_enable&quot;:false}\">\n\t\t\t\t\t\t<div class=\"elementor-container elementor-column-gap-default\">\n\t\t\t\t\t<div class=\"elementor-column elementor-col-50 elementor-top-column elementor-element elementor-element-c121934\" data-id=\"c121934\" data-element_type=\"column\">\n\t\t\t<div class=\"elementor-widget-wrap elementor-element-populated\">\n\t\t\t\t\t\t<div class=\"elementor-element elementor-element-103f0c7 elementor-invisible elementor-widget elementor-widget-icon-box\" data-id=\"103f0c7\" data-element_type=\"widget\" data-settings=\"{&quot;_animation&quot;:&quot;fadeInUp&quot;,&quot;_animation_delay&quot;:200}\" data-widget_type=\"icon-box.default\">\n\t\t\t\t\t\t\t<div class=\"elementor-icon-box-wrapper\">\n\n\t\t\t\n\t\t\t\t\t\t<div class=\"elementor-icon-box-content\">\n\n\t\t\t\t\t\t\t\t\t<h2 class=\"elementor-icon-box-title\">\n\t\t\t\t\t\t<span  >\n\t\t\t\t\t\t\tQui suis-je ?\t\t\t\t\t\t<\/span>\n\t\t\t\t\t<\/h2>\n\t\t\t\t\n\t\t\t\t\t\t\t\t\t<p class=\"elementor-icon-box-description\">\n\t\t\t\t\t\tJe m\u2019appelle Karine, fondatrice de KR Evidence.\nApr\u00e8s 25 ann\u00e9es en tant que Directrice Technique et Logistique dans le secteur Ev\u00e8nementiel, j'ai une grande exp\u00e9rience dans la Gestion Administrative, la Planification et l'Organisation. Mon parcours professionnel a marqu\u00e9 mon engagement et mon adaptabilit\u00e9.\nMes valeurs sont la loyaut\u00e9, le sens du travail et la bienveillance.\nMes comp\u00e9tences acquises sont multiples : le sens de l\u2019organisation, la gestion du temps, la\nrigueur, la confidentialit\u00e9.\nAujourd\u2019hui ce qui m\u2019anime c\u2019est \u00eatre au plus pr\u00e8s de mes clients entrepreneur\u00b7es,\nind\u00e9pendant\u00b7es et grandes et petites structures , les \u00e9pauler et les accompagner dans leur\ngestion administrative quotidienne.\t\t\t\t\t<\/p>\n\t\t\t\t\n\t\t\t<\/div>\n\t\t\t\n\t\t<\/div>\n\t\t\t\t\t\t<\/div>\n\t\t\t\t\t<\/div>\n\t\t<\/div>\n\t\t\t\t<div class=\"elementor-column elementor-col-50 elementor-top-column elementor-element elementor-element-d7eff6b\" data-id=\"d7eff6b\" data-element_type=\"column\">\n\t\t\t<div class=\"elementor-widget-wrap elementor-element-populated\">\n\t\t\t\t\t\t<div class=\"elementor-element elementor-element-f8e3705 elementor-widget elementor-widget-image\" data-id=\"f8e3705\" data-element_type=\"widget\" data-widget_type=\"image.default\">\n\t\t\t\t\t\t\t\t\t\t\t\t\t\t\t<img fetchpriority=\"high\" decoding=\"async\" width=\"800\" height=\"800\" src=\"https:\/\/maiit.fr\/karine\/wp-content\/uploads\/2025\/09\/AL2-7235-R-1024x1024.jpg\" class=\"attachment-large size-large wp-image-63\" alt=\"\" srcset=\"https:\/\/maiit.fr\/karine\/wp-content\/uploads\/2025\/09\/AL2-7235-R-1024x1024.jpg 1024w, https:\/\/maiit.fr\/karine\/wp-content\/uploads\/2025\/09\/AL2-7235-R-300x300.jpg 300w, https:\/\/maiit.fr\/karine\/wp-content\/uploads\/2025\/09\/AL2-7235-R-150x150.jpg 150w, https:\/\/maiit.fr\/karine\/wp-content\/uploads\/2025\/09\/AL2-7235-R-768x768.jpg 768w, https:\/\/maiit.fr\/karine\/wp-content\/uploads\/2025\/09\/AL2-7235-R-1536x1536.jpg 1536w, https:\/\/maiit.fr\/karine\/wp-content\/uploads\/2025\/09\/AL2-7235-R-2048x2048.jpg 2048w\" sizes=\"(max-width: 800px) 100vw, 800px\" \/>\t\t\t\t\t\t\t\t\t\t\t\t\t\t\t<\/div>\n\t\t\t\t\t<\/div>\n\t\t<\/div>\n\t\t\t\t\t<\/div>\n\t\t<\/section>\n\t\t\t\t<section class=\"elementor-section elementor-top-section elementor-element elementor-element-6cce95cc elementor-section-boxed elementor-section-height-default elementor-section-height-default\" data-id=\"6cce95cc\" data-element_type=\"section\" data-settings=\"{&quot;background_background&quot;:&quot;gradient&quot;,&quot;_ha_eqh_enable&quot;:false}\">\n\t\t\t\t\t\t\t<div class=\"elementor-background-overlay\"><\/div>\n\t\t\t\t\t\t\t<div class=\"elementor-container elementor-column-gap-default\">\n\t\t\t\t\t<div class=\"elementor-column elementor-col-100 elementor-top-column elementor-element elementor-element-23c4b759\" data-id=\"23c4b759\" data-element_type=\"column\">\n\t\t\t<div class=\"elementor-widget-wrap elementor-element-populated\">\n\t\t\t\t\t\t<div class=\"elementor-element elementor-element-ccefb4f elementor-invisible elementor-widget elementor-widget-icon-box\" data-id=\"ccefb4f\" data-element_type=\"widget\" data-settings=\"{&quot;_animation&quot;:&quot;fadeInUp&quot;,&quot;_animation_delay&quot;:200}\" data-widget_type=\"icon-box.default\">\n\t\t\t\t\t\t\t<div class=\"elementor-icon-box-wrapper\">\n\n\t\t\t\n\t\t\t\t\t\t<div class=\"elementor-icon-box-content\">\n\n\t\t\t\t\t\t\t\t\t<h2 class=\"elementor-icon-box-title\">\n\t\t\t\t\t\t<span  >\n\t\t\t\t\t\t\tPOURQUOI KR EVIDENCE ?\t\t\t\t\t\t<\/span>\n\t\t\t\t\t<\/h2>\n\t\t\t\t\n\t\t\t\t\t\t\t\t\t<p class=\"elementor-icon-box-description\">\n\t\t\t\t\t\tBeaucoup d\u2019entrepreneurs consacrent au moins une journ\u00e9e par semaine \u00e0 essayer de g\u00e9rer leur administratif.<br>\nVous \u00eates d\u00e9bord\u00e9 par votre Administratif<br>\nVous n\u2019arrivez pas \u00e0 vous organiser<br>\nVous n\u2019avez plus le temps de faire les devis ou les factures<br>\nVous avez une absence soudaine de votre assistante\t\t\t\t\t<\/p>\n\t\t\t\t\n\t\t\t<\/div>\n\t\t\t\n\t\t<\/div>\n\t\t\t\t\t\t<\/div>\n\t\t\t\t\t<\/div>\n\t\t<\/div>\n\t\t\t\t\t<\/div>\n\t\t<\/section>\n\t\t\t\t<\/div>\n\t\t","protected":false},"excerpt":{"rendered":"<p>Qui suis-je ? Je m\u2019appelle Karine, fondatrice de KR Evidence. Apr\u00e8s 25 ann\u00e9es en tant que Directrice Technique et Logistique dans le secteur Ev\u00e8nementiel, j&rsquo;ai une grande exp\u00e9rience dans la Gestion Administrative, la Planification et l&rsquo;Organisation. Mon parcours professionnel a marqu\u00e9 mon engagement et mon adaptabilit\u00e9. Mes valeurs sont la loyaut\u00e9, le sens du travail [&hellip;]<\/p>\n","protected":false},"author":1,"featured_media":0,"parent":0,"menu_order":0,"comment_status":"closed","ping_status":"closed","template":"","meta":{"footnotes":""},"class_list":["post-275","page","type-page","status-publish","hentry"],"_links":{"self":[{"href":"https:\/\/maiit.fr\/karine\/wp-json\/wp\/v2\/pages\/275","targetHints":{"allow":["GET"]}}],"collection":[{"href":"https:\/\/maiit.fr\/karine\/wp-json\/wp\/v2\/pages"}],"about":[{"href":"https:\/\/maiit.fr\/karine\/wp-json\/wp\/v2\/types\/page"}],"author":[{"embeddable":true,"href":"https:\/\/maiit.fr\/karine\/wp-json\/wp\/v2\/users\/1"}],"replies":[{"embeddable":true,"href":"https:\/\/maiit.fr\/karine\/wp-json\/wp\/v2\/comments?post=275"}],"version-history":[{"count":13,"href":"https:\/\/maiit.fr\/karine\/wp-json\/wp\/v2\/pages\/275\/revisions"}],"predecessor-version":[{"id":329,"href":"https:\/\/maiit.fr\/karine\/wp-json\/wp\/v2\/pages\/275\/revisions\/329"}],"wp:attachment":[{"href":"https:\/\/maiit.fr\/karine\/wp-json\/wp\/v2\/media?parent=275"}],"curies":[{"name":"wp","href":"https:\/\/api.w.org\/{rel}","templated":true}]}}

<div data-elementor-type="wp-page" data-elementor-id="275" class="elementor elementor-275" data-elementor-settings="{&quot;ha_cmc_init_switcher&quot;:&quot;no&quot;}">
						<section class="elementor-section elementor-top-section elementor-element elementor-element-8f52484 elementor-section-boxed elementor-section-height-default elementor-section-height-default" data-id="8f52484" data-element_type="section" data-settings="{&quot;background_background&quot;:&quot;classic&quot;,&quot;_ha_eqh_enable&quot;:false}">
						<div class="elementor-container elementor-column-gap-default">
					<div class="elementor-column elementor-col-50 elementor-top-column elementor-element elementor-element-c121934" data-id="c121934" data-element_type="column">
			<div class="elementor-widget-wrap elementor-element-populated">
						<div class="elementor-element elementor-element-103f0c7 elementor-invisible elementor-widget elementor-widget-icon-box" data-id="103f0c7" data-element_type="widget" data-settings="{&quot;_animation&quot;:&quot;fadeInUp&quot;,&quot;_animation_delay&quot;:200}" data-widget_type="icon-box.default">
							<div class="elementor-icon-box-wrapper">

			
						<div class="elementor-icon-box-content">

									<h2 class="elementor-icon-box-title">
						<span  >
							Qui suis-je ?						</span>
					</h2>
				
									<p class="elementor-icon-box-description">
						Je m’appelle Karine, fondatrice de KR Evidence.
Après 25 années en tant que Directrice Technique et Logistique dans le secteur Evènementiel, j'ai une grande expérience dans la Gestion Administrative, la Planification et l'Organisation. Mon parcours professionnel a marqué mon engagement et mon adaptabilité.
Mes valeurs sont la loyauté, le sens du travail et la bienveillance.
Mes compétences acquises sont multiples : le sens de l’organisation, la gestion du temps, la
rigueur, la confidentialité.
Aujourd’hui ce qui m’anime c’est être au plus près de mes clients entrepreneur·es,
indépendant·es et grandes et petites structures , les épauler et les accompagner dans leur
gestion administrative quotidienne.					</p>
				
			</div>
			
		</div>
						</div>
					</div>
		</div>
				<div class="elementor-column elementor-col-50 elementor-top-column elementor-element elementor-element-d7eff6b" data-id="d7eff6b" data-element_type="column">
			<div class="elementor-widget-wrap elementor-element-populated">
						<div class="elementor-element elementor-element-f8e3705 elementor-widget elementor-widget-image" data-id="f8e3705" data-element_type="widget" data-widget_type="image.default">
															<img fetchpriority="high" decoding="async" width="800" height="800" src="https://maiit.fr/karine/wp-content/uploads/2025/09/AL2-7235-R-1024x1024.jpg" class="attachment-large size-large wp-image-63" alt="" srcset="https://maiit.fr/karine/wp-content/uploads/2025/09/AL2-7235-R-1024x1024.jpg 1024w, https://maiit.fr/karine/wp-content/uploads/2025/09/AL2-7235-R-300x300.jpg 300w, https://maiit.fr/karine/wp-content/uploads/2025/09/AL2-7235-R-150x150.jpg 150w, https://maiit.fr/karine/wp-content/uploads/2025/09/AL2-7235-R-768x768.jpg 768w, https://maiit.fr/karine/wp-content/uploads/2025/09/AL2-7235-R-1536x1536.jpg 1536w, https://maiit.fr/karine/wp-content/uploads/2025/09/AL2-7235-R-2048x2048.jpg 2048w" sizes="(max-width: 800px) 100vw, 800px" />															</div>
					</div>
		</div>
					</div>
		</section>
				<section class="elementor-section elementor-top-section elementor-element elementor-element-6cce95cc elementor-section-boxed elementor-section-height-default elementor-section-height-default" data-id="6cce95cc" data-element_type="section" data-settings="{&quot;background_background&quot;:&quot;gradient&quot;,&quot;_ha_eqh_enable&quot;:false}">
							<div class="elementor-background-overlay"></div>
							<div class="elementor-container elementor-column-gap-default">
					<div class="elementor-column elementor-col-100 elementor-top-column elementor-element elementor-element-23c4b759" data-id="23c4b759" data-element_type="column">
			<div class="elementor-widget-wrap elementor-element-populated">
						<div class="elementor-element elementor-element-ccefb4f elementor-invisible elementor-widget elementor-widget-icon-box" data-id="ccefb4f" data-element_type="widget" data-settings="{&quot;_animation&quot;:&quot;fadeInUp&quot;,&quot;_animation_delay&quot;:200}" data-widget_type="icon-box.default">
							<div class="elementor-icon-box-wrapper">

			
						<div class="elementor-icon-box-content">

									<h2 class="elementor-icon-box-title">
						<span  >
							POURQUOI KR EVIDENCE ?						</span>
					</h2>
				
									<p class="elementor-icon-box-description">
						Beaucoup d’entrepreneurs consacrent au moins une journée par semaine à essayer de gérer leur administratif.<br>
Vous êtes débordé par votre Administratif<br>
Vous n’arrivez pas à vous organiser<br>
Vous n’avez plus le temps de faire les devis ou les factures<br>
Vous avez une absence soudaine de votre assistante					</p>
				
			</div>
			
		</div>
						</div>
					</div>
		</div>
					</div>
		</section>
				</div>

<p>Qui suis-je ? Je m’appelle Karine, fondatrice de KR Evidence. Après 25 années en tant que Directrice Technique et Logistique dans le secteur Evènementiel, j&rsquo;ai une grande expérience dans la Gestion Administrative, la Planification et l&rsquo;Organisation. Mon parcours professionnel a marqué mon engagement et mon adaptabilité. Mes valeurs sont la loyauté, le sens du travail [&hellip;]</p>
